{"id":35221,"date":"2023-07-11T14:03:36","date_gmt":"2023-07-11T14:03:36","guid":{"rendered":"https:\/\/print.belvedere.at\/p\/hans-makart-bacchus-und-ariadne\/"},"modified":"2025-07-10T13:16:47","modified_gmt":"2025-07-10T13:16:47","slug":"hans-makart-bacchus-und-ariadne","status":"publish","type":"product","link":"https:\/\/print.belvedere.at\/de\/p\/hans-makart-bacchus-und-ariadne\/","title":{"rendered":"Hans Makart &#8211; Bacchus und Ariadne"},"content":{"rendered":"<p><b>\u00dcber das Original<\/b><\/p>\n<p>K\u00fcnstler: Hans Makart<br \/>\nTitel: Bacchus und Ariadne<br \/>\nJahr: 1873&#8211;1874<br \/>\nOriginalformat: 476 x 784 cm<br \/>\nOriginalmaterial: \u00d6l auf Leinwand<\/p>\n","protected":false},"excerpt":{"rendered":"<p>\u00dcber das Original K\u00fcnstler: Hans Makart Titel: Bacchus und Ariadne Jahr: 1873&#8211;1874 Originalformat: 476 x 784 cm Originalmaterial: \u00d6l auf Leinwand<\/p>\n","protected":false},"featured_media":39520,"template":"","meta":{"powered_cache_disable_cache":false,"powered_cache_disable_lazyload":false},"product_brand":[],"product_cat":[586],"product_tag":[40,41,42,120],"class_list":{"0":"post-35221","1":"product","2":"type-product","3":"status-publish","4":"has-post-thumbnail","6":"product_cat-hans-makart-de","7":"product_tag-aquarelpapier-giclee","8":"product_tag-canvas-giclee","9":"product_tag-dibond-giclee","10":"product_tag-land","11":"pa_framed-frame-black-de","12":"pa_framed-frame-blanc-de","13":"pa_framed-frame-colonial-de","14":"pa_framed-frame-gold-de","15":"pa_framed-frame-white-de","16":"pa_framed-none-de","17":"pa_product-canvas-giclee-de","18":"pa_product-dibond-giclee-de","19":"pa_product-watercolor-paper-giclee-de","20":"pa_size-30x40-cm-de","21":"pa_size-30x50-cm-de","22":"pa_size-35x60-cm-de","23":"pa_size-40x60-cm-de","24":"pa_size-45x75-cm-de","25":"pa_size-50x85-cm-de","26":"pa_size-55x95-cm-de","27":"pa_size-60x100-cm-de","28":"pa_size-60x80-cm-de","30":"first","31":"instock","32":"taxable","33":"shipping-taxable","34":"purchasable","35":"product-type-variable"},"_links":{"self":[{"href":"https:\/\/print.belvedere.at\/de\/wp-json\/wp\/v2\/product\/35221","targetHints":{"allow":["GET"]}}],"collection":[{"href":"https:\/\/print.belvedere.at\/de\/wp-json\/wp\/v2\/product"}],"about":[{"href":"https:\/\/print.belvedere.at\/de\/wp-json\/wp\/v2\/types\/product"}],"wp:featuredmedia":[{"embeddable":true,"href":"https:\/\/print.belvedere.at\/de\/wp-json\/wp\/v2\/media\/39520"}],"wp:attachment":[{"href":"https:\/\/print.belvedere.at\/de\/wp-json\/wp\/v2\/media?parent=35221"}],"wp:term":[{"taxonomy":"product_brand","embeddable":true,"href":"https:\/\/print.belvedere.at\/de\/wp-json\/wp\/v2\/product_brand?post=35221"},{"taxonomy":"product_cat","embeddable":true,"href":"https:\/\/print.belvedere.at\/de\/wp-json\/wp\/v2\/product_cat?post=35221"},{"taxonomy":"product_tag","embeddable":true,"href":"https:\/\/print.belvedere.at\/de\/wp-json\/wp\/v2\/product_tag?post=35221"}],"curies":[{"name":"wp","href":"https:\/\/api.w.org\/{rel}","templated":true}]}}

<p><b>Über das Original</b></p>
<p>Künstler: Hans Makart<br />
Titel: Bacchus und Ariadne<br />
Jahr: 1873&#8211;1874<br />
Originalformat: 476 x 784 cm<br />
Originalmaterial: Öl auf Leinwand</p>

<p>Über das Original Künstler: Hans Makart Titel: Bacchus und Ariadne Jahr: 1873&#8211;1874 Originalformat: 476 x 784 cm Originalmaterial: Öl auf Leinwand</p>
