{"id":67798,"date":"2024-11-14T15:20:42","date_gmt":"2024-11-14T15:20:42","guid":{"rendered":"https:\/\/print.belvedere.at\/p\/michael-neder-die-heimkehr-der-herde\/"},"modified":"2025-07-10T13:22:24","modified_gmt":"2025-07-10T13:22:24","slug":"michael-neder-die-heimkehr-der-herde","status":"publish","type":"product","link":"https:\/\/print.belvedere.at\/de\/p\/michael-neder-die-heimkehr-der-herde\/","title":{"rendered":"Michael Neder &#8211; Die Heimkehr der Herde"},"content":{"rendered":"<p><b>\u00dcber das Original<\/b><\/p>\n<p>K\u00fcnstler: Michael Neder<br \/>\nTitel: Die Heimkehr der Herde<br \/>\nJahr: 1844<br \/>\nOriginalformat: 41,5 \u00d7 52 cm<br \/>\nOriginalmaterial: \u00d6l auf Holz<\/p>\n","protected":false},"excerpt":{"rendered":"<p>\u00dcber das Original K\u00fcnstler: Michael Neder Titel: Die Heimkehr der Herde Jahr: 1844 Originalformat: 41,5 \u00d7 52 cm Originalmaterial: \u00d6l auf Holz<\/p>\n","protected":false},"featured_media":62561,"template":"","meta":{"powered_cache_disable_cache":false,"powered_cache_disable_lazyload":false},"product_brand":[],"product_cat":[685],"product_tag":[40,41,42],"class_list":{"0":"post-67798","1":"product","2":"type-product","3":"status-publish","4":"has-post-thumbnail","6":"product_cat-michael-neder-de","7":"product_tag-aquarelpapier-giclee","8":"product_tag-canvas-giclee","9":"product_tag-dibond-giclee","10":"pa_framed-frame-black-de","11":"pa_framed-frame-blanc-de","12":"pa_framed-frame-colonial-de","13":"pa_framed-frame-gold-de","14":"pa_framed-frame-white-de","15":"pa_framed-none-de","16":"pa_product-canvas-giclee-de","17":"pa_product-dibond-giclee-de","18":"pa_product-watercolor-paper-giclee-de","19":"pa_size-20x25-cm-de","20":"pa_size-30x40-cm-de","21":"pa_size-40x50-cm-de","22":"pa_size-40x60-cm-de","23":"pa_size-45x55-cm-de","24":"pa_size-55x70-cm-de","25":"pa_size-60x75-cm-de","26":"pa_size-60x80-cm-de","27":"pa_size-65x80-cm-de","28":"pa_size-75x95-cm-de","29":"pa_size-80x100-cm-de","31":"first","32":"instock","33":"taxable","34":"shipping-taxable","35":"purchasable","36":"product-type-variable"},"_links":{"self":[{"href":"https:\/\/print.belvedere.at\/de\/wp-json\/wp\/v2\/product\/67798","targetHints":{"allow":["GET"]}}],"collection":[{"href":"https:\/\/print.belvedere.at\/de\/wp-json\/wp\/v2\/product"}],"about":[{"href":"https:\/\/print.belvedere.at\/de\/wp-json\/wp\/v2\/types\/product"}],"wp:featuredmedia":[{"embeddable":true,"href":"https:\/\/print.belvedere.at\/de\/wp-json\/wp\/v2\/media\/62561"}],"wp:attachment":[{"href":"https:\/\/print.belvedere.at\/de\/wp-json\/wp\/v2\/media?parent=67798"}],"wp:term":[{"taxonomy":"product_brand","embeddable":true,"href":"https:\/\/print.belvedere.at\/de\/wp-json\/wp\/v2\/product_brand?post=67798"},{"taxonomy":"product_cat","embeddable":true,"href":"https:\/\/print.belvedere.at\/de\/wp-json\/wp\/v2\/product_cat?post=67798"},{"taxonomy":"product_tag","embeddable":true,"href":"https:\/\/print.belvedere.at\/de\/wp-json\/wp\/v2\/product_tag?post=67798"}],"curies":[{"name":"wp","href":"https:\/\/api.w.org\/{rel}","templated":true}]}}

<p><b>Über das Original</b></p>
<p>Künstler: Michael Neder<br />
Titel: Die Heimkehr der Herde<br />
Jahr: 1844<br />
Originalformat: 41,5 × 52 cm<br />
Originalmaterial: Öl auf Holz</p>

<p>Über das Original Künstler: Michael Neder Titel: Die Heimkehr der Herde Jahr: 1844 Originalformat: 41,5 × 52 cm Originalmaterial: Öl auf Holz</p>
